{"id":1973,"date":"2022-02-01T08:39:36","date_gmt":"2022-02-01T11:39:36","guid":{"rendered":"https:\/\/isfd34-bue.infd.edu.ar\/sitio\/?page_id=1973"},"modified":"2025-07-03T18:41:59","modified_gmt":"2025-07-03T21:41:59","slug":"cronograma-de-actividades","status":"publish","type":"page","link":"https:\/\/isfd34-bue.infd.edu.ar\/sitio\/cronograma-de-actividades\/","title":{"rendered":"Cronograma de actividades 2025"},"content":{"rendered":"\n<p><\/p>\n\n\n\n<p><\/p>\n\n\n\n<figure class=\"wp-block-table\"><table><tbody><tr><td class=\"has-text-align-center\" data-align=\"center\"><strong>Actividad<\/strong><\/td><td class=\"has-text-align-center\" data-align=\"center\"><strong>Fecha<\/strong><\/td><\/tr><tr><td class=\"has-text-align-center\" data-align=\"center\"><strong>Inscripciones a cursada 2025<\/strong><\/td><td class=\"has-text-align-center\" data-align=\"center\">05-03-2025 al <br>12-03-2025<\/td><\/tr><tr><td class=\"has-text-align-center\" data-align=\"center\"><strong>Inicio de Ciclo Lectivo (2025)<\/strong><\/td><td class=\"has-text-align-center\" data-align=\"center\">17\/03\/2025<\/td><\/tr><tr><td class=\"has-text-align-center\" data-align=\"center\"><strong>Inscripci\u00f3n a mesas ex\u00e1menes extraordinaria<\/strong><\/td><td class=\"has-text-align-center\" data-align=\"center\">05-05 al 09-05<\/td><\/tr><tr><td class=\"has-text-align-center\" data-align=\"center\"><strong>Fecha de cierre de primer cuatrimestre<\/strong><\/td><td class=\"has-text-align-center\" data-align=\"center\">18-07-2025<\/td><\/tr><tr><td class=\"has-text-align-center\" data-align=\"center\"><strong>Inscripci\u00f3n a mesas Turno Agosto<\/strong><\/td><td class=\"has-text-align-center\" data-align=\"center\">07-07 al 14-07<\/td><\/tr><tr><td class=\"has-text-align-center\" data-align=\"center\"><strong>Inscripci\u00f3n materias cuatrimestrales Segundo Cuatrimestre<\/strong><\/td><td class=\"has-text-align-center\" data-align=\"center\">14-07 al 18-07<\/td><\/tr><tr><td class=\"has-text-align-center\" data-align=\"center\"><strong>Receso de invierno<\/strong><\/td><td class=\"has-text-align-center\" data-align=\"center\">21-07 al 01-08<\/td><\/tr><tr><td class=\"has-text-align-center\" data-align=\"center\"><strong>Mesas de examenes &#8211; Turno Agosto<\/strong><\/td><td class=\"has-text-align-center\" data-align=\"center\">04-08 al 15-08<\/td><\/tr><tr><td class=\"has-text-align-center\" data-align=\"center\"><strong>Inicio de segundo cuatrimestre<\/strong><\/td><td class=\"has-text-align-center\" data-align=\"center\">18-08-2025<\/td><\/tr><tr><td class=\"has-text-align-center\" data-align=\"center\"><strong>Renovaci\u00f3n del consejo acad\u00e9mico<\/strong><\/td><td class=\"has-text-align-center\" data-align=\"center\">01-09 al 30-09<\/td><\/tr><tr><td class=\"has-text-align-center\" data-align=\"center\"><strong>Semana de la Formaci\u00f3n Docente &#8211; Jornadas de Formaci\u00f3n Docente a Nivel Distrital \/ Regional \/ Provincial<\/strong><\/td><td class=\"has-text-align-center\" data-align=\"center\">22-09 al 26-09<\/td><\/tr><tr><td class=\"has-text-align-center\" data-align=\"center\"><strong>Mesa extraordinaria de \u00faltima materia<\/strong><\/td><td class=\"has-text-align-center\" data-align=\"center\">22-09 al 26-09<\/td><\/tr><tr><td class=\"has-text-align-center\" data-align=\"center\"><strong>Preinscripci\u00f3n de ingresantes a las carreras de formaci\u00f3n Docente<\/strong><\/td><td class=\"has-text-align-center\" data-align=\"center\">03-11 al 28-11<\/td><\/tr><tr><td class=\"has-text-align-center\" data-align=\"center\"><strong>Finalizaci\u00f3n de cursada<\/strong><\/td><td class=\"has-text-align-center\" data-align=\"center\">21-11-2025<\/td><\/tr><tr><td class=\"has-text-align-center\" data-align=\"center\"><strong>Inscripci\u00f3n a mesas de ex\u00e1menes &#8211; Turno Noviembre &#8211; Diciembre<\/strong><\/td><td class=\"has-text-align-center\" data-align=\"center\">24-11 al 28-11<\/td><\/tr><tr><td class=\"has-text-align-center\" data-align=\"center\"><strong>Mesas de ex\u00e1menes &#8211; Turno Noviembre-Diciembre<\/strong><\/td><td class=\"has-text-align-center\" data-align=\"center\">01-12 al 29-12<\/td><\/tr><tr><td class=\"has-text-align-center\" data-align=\"center\"><strong>Inscripci\u00f3n de aspirantes al ingreso &#8211; Carreras 2026<\/strong><\/td><td class=\"has-text-align-center\" data-align=\"center\">01-12-2025 al <br>06-03-2026<\/td><\/tr><\/tbody><\/table><\/figure>\n","protected":false},"excerpt":{"rendered":"<p>Actividad Fecha Inscripciones a cursada 2025 05-03-2025 al 12-03-2025 Inicio de Ciclo Lectivo (2025) 17\/03\/2025 Inscripci\u00f3n a mesas ex\u00e1menes extraordinaria 05-05 al 09-05 Fecha de cierre de primer cuatrimestre 18-07-2025 Inscripci\u00f3n a mesas Turno Agosto 07-07 al 14-07 Inscripci\u00f3n materias cuatrimestrales Segundo Cuatrimestre 14-07 al 18-07 Receso de invierno 21-07 al 01-08 Mesas de examenes &#8230; <a title=\"Cronograma de actividades 2025\" class=\"read-more\" href=\"https:\/\/isfd34-bue.infd.edu.ar\/sitio\/cronograma-de-actividades\/\" aria-label=\"More on Cronograma de actividades 2025\">[+]<\/a><\/p>\n","protected":false},"author":2561,"featured_media":0,"parent":0,"menu_order":0,"comment_status":"closed","ping_status":"closed","template":"","meta":[],"acf":[],"_links":{"self":[{"href":"https:\/\/isfd34-bue.infd.edu.ar\/sitio\/wp-json\/wp\/v2\/pages\/1973"}],"collection":[{"href":"https:\/\/isfd34-bue.infd.edu.ar\/sitio\/wp-json\/wp\/v2\/pages"}],"about":[{"href":"https:\/\/isfd34-bue.infd.edu.ar\/sitio\/wp-json\/wp\/v2\/types\/page"}],"author":[{"embeddable":true,"href":"https:\/\/isfd34-bue.infd.edu.ar\/sitio\/wp-json\/wp\/v2\/users\/2561"}],"replies":[{"embeddable":true,"href":"https:\/\/isfd34-bue.infd.edu.ar\/sitio\/wp-json\/wp\/v2\/comments?post=1973"}],"version-history":[{"count":15,"href":"https:\/\/isfd34-bue.infd.edu.ar\/sitio\/wp-json\/wp\/v2\/pages\/1973\/revisions"}],"predecessor-version":[{"id":3602,"href":"https:\/\/isfd34-bue.infd.edu.ar\/sitio\/wp-json\/wp\/v2\/pages\/1973\/revisions\/3602"}],"wp:attachment":[{"href":"https:\/\/isfd34-bue.infd.edu.ar\/sitio\/wp-json\/wp\/v2\/media?parent=1973"}],"curies":[{"name":"wp","href":"https:\/\/api.w.org\/{rel}","templated":true}]}}