{"id":3691,"date":"2025-10-29T17:55:00","date_gmt":"2025-10-29T20:55:00","guid":{"rendered":"https:\/\/isfd34-bue.infd.edu.ar\/sitio\/?page_id=3691"},"modified":"2026-03-14T12:38:31","modified_gmt":"2026-03-14T15:38:31","slug":"ingresantes-2026","status":"publish","type":"page","link":"https:\/\/isfd34-bue.infd.edu.ar\/sitio\/ingresantes-2026\/","title":{"rendered":"INGRESANTES 2026"},"content":{"rendered":"\n<p>Les informamos que la inscripci\u00f3n a nuestro Instituto se realizar\u00e1 a trav\u00e9s de un nuevo sistema: <strong>SIU-GUARAN\u00cd.<\/strong>&nbsp;<\/p>\n\n\n\n<p>Para aquellos aspirantes a los profesorados que se dictar\u00e1n durante el ciclo lectivo 2026, el proceso de inscripci\u00f3n constar\u00e1 de dos per\u00edodos:<\/p>\n\n\n<div class=\"wp-block-image\">\n<figure class=\"aligncenter size-full\"><img decoding=\"async\" loading=\"lazy\" width=\"722\" height=\"341\" src=\"https:\/\/isfd34-bue.infd.edu.ar\/sitio\/wp-content\/uploads\/2025\/10\/image-4.png\" alt=\"\" class=\"wp-image-3701\"\/><\/figure><\/div>\n\n\n<p>El <strong>per\u00edodo de preinscripci\u00f3n<\/strong> se realizar\u00e1 a partir del mes de noviembre de manera digital seg\u00fan el siguiente cronograma:<\/p>\n\n\n<div class=\"wp-block-image\">\n<figure class=\"aligncenter size-full\"><img decoding=\"async\" loading=\"lazy\" width=\"914\" height=\"345\" src=\"https:\/\/isfd34-bue.infd.edu.ar\/sitio\/wp-content\/uploads\/2025\/10\/image-3.png\" alt=\"\" class=\"wp-image-3700\" srcset=\"https:\/\/isfd34-bue.infd.edu.ar\/sitio\/wp-content\/uploads\/2025\/10\/image-3.png 914w, https:\/\/isfd34-bue.infd.edu.ar\/sitio\/wp-content\/uploads\/2025\/10\/image-3-768x290.png 768w\" sizes=\"(max-width: 914px) 100vw, 914px\" \/><\/figure><\/div>\n\n\n<h3 class=\"wp-block-heading has-text-align-center has-luminous-vivid-amber-to-luminous-vivid-orange-gradient-background has-background\">El per\u00edodo de preinscripci\u00f3n finaliza el viernes 13\/3\/26 a las 22:00 hs. <\/h3>\n\n\n\n<p>Para preinscribirte ingres\u00e1 al siguiente enlace. Record\u00e1 que en el campo PARTIDO o LOCALIDAD, ten\u00e9s que escribir PALOMAR &#8211; TRES DE FEBRERO y presion\u00e1 BUSCAR  :<\/p>\n\n\n\n<p class=\"has-text-align-center\"><a href=\"https:\/\/iniciopba.guarani.abc.gob.ar\/\">https:\/\/iniciopba.guarani.abc.gob.ar\/<\/a><\/p>\n\n\n\n<p>Te compartimos el siguiente tutorial que te guiar\u00e1 en los primeros pasos de tu preinscripci\u00f3n:<\/p>\n\n\n\n<figure class=\"wp-block-embed is-type-video is-provider-youtube wp-block-embed-youtube wp-embed-aspect-16-9 wp-has-aspect-ratio\"><div class=\"wp-block-embed__wrapper\">\n<iframe loading=\"lazy\" title=\"Tutorial de preinscripciones al Nivel Superior de la educaci\u00f3n bonaerense\" width=\"1200\" height=\"675\" src=\"https:\/\/www.youtube.com\/embed\/1sd8rDHb0nk?feature=oembed\" frameborder=\"0\" allow=\"accelerometer; autoplay; clipboard-write; encrypted-media; gyroscope; picture-in-picture; web-share\" referrerpolicy=\"strict-origin-when-cross-origin\" allowfullscreen><\/iframe>\n<\/div><\/figure>\n\n\n\n<hr class=\"wp-block-separator has-alpha-channel-opacity\"\/>\n\n\n\n<h2 class=\"wp-block-heading\"><strong>Per\u00edodo de Inscripci\u00f3n: Presentaci\u00f3n de documentaci\u00f3n<\/strong><\/h2>\n\n\n\n<p><strong>Para<em>&nbsp;<\/em>poder finalizar el proceso de inscripci\u00f3n, la documentaci\u00f3n a presentar es:<\/strong><\/p>\n\n\n\n<ul>\n<li><strong>Original y Fotocopia del D.N.I. (<\/strong>anverso y reverso).<\/li>\n\n\n\n<li><strong>Original y Fotocopia del T\u00edtulo Secundario<\/strong>&nbsp;(si no posee T\u00edtulo\/Anal\u00edtico, anexar una constancia de t\u00edtulo en tr\u00e1mite, si no anexar una constancia de finalizaci\u00f3n de estudios secundario detallando las materias adeudadas, o constancia de alumno regular).<\/li>\n\n\n\n<li><strong>Planilla de inscripci\u00f3n<\/strong>&nbsp;generada por el <strong>SIU Guaran\u00ed<\/strong> al momento de la inscripci\u00f3n.<\/li>\n\n\n\n<li><strong>2 Fotos<\/strong>.<\/li>\n<\/ul>\n\n\n\n<h2 class=\"wp-block-heading has-text-align-center\">ENTREGA DE DOCUMENTACI\u00d3N DESDE EL 11\/2\/2026 HASTA EL 30\/3\/2026<\/h2>\n\n\n\n<p class=\"has-text-align-center has-medium-font-size\"><strong>Horario: lunes a viernes de 14:00 a 16:30 y de 18:40 a 21:00 hs.<\/strong><\/p>\n\n\n\n<hr class=\"wp-block-separator has-alpha-channel-opacity\"\/>\n\n\n\n<p>En caso de necesitar ayuda pod\u00e9s acercarte al Instituto de lunes a viernes de 13:30 a 16:30 y de 18:30 a 21:00 hs<\/p>\n\n\n\n<p>Si ten\u00e9s consultas o quer\u00e9s m\u00e1s informaci\u00f3n sobre nuestros Profesorados pod\u00e9s escribirnos a los siguientes mails:<\/p>\n\n\n\n<p class=\"has-text-align-left\">BIOLOG\u00cdA Y F\u00cdSICA: <strong><a href=\"mailto:consultas34csnaturales@gmail.com\">consultas34csnaturales@gmail.com<\/a><\/strong><\/p>\n\n\n\n<p>HISTORIA Y GEOGRAF\u00cdA: <strong><a href=\"mailto:consultas34cssociales@gmail.com\">consultas34cssociales@gmail.com<\/a><\/strong><\/p>\n\n\n\n<p>PRIMARIA: <strong><strong><a href=\"mailto:consultas34primaria@gmail.com\">consultas34primaria@gmail.com<\/a><\/strong><\/strong><\/p>\n\n\n\n<p>INICIAL: <strong><a href=\"mailto:consultas34inicial@gmail.com\">consultas34inicial@gmail.com&nbsp;<\/a><\/strong><\/p>\n\n\n\n<p>EDUCACI\u00d3N ESPECIAL: <strong><a href=\"mailto:consultas34educespecial@gmail.com\">consultas34educespecial@gmail.com<\/a><\/strong><\/p>\n\n\n\n<p>MATEM\u00c1TICA: <strong><strong><a href=\"mailto:consultas34matematica@gmail.com\">consultas34matematica@gmail.com<\/a><\/strong><\/strong><\/p>\n\n\n\n<p><\/p>\n\n\n\n<p>o completando el siguiente formulario para que nos contactemos con vos:<\/p>\n\n\n\n<p class=\"has-text-align-center\"><a href=\"https:\/\/forms.gle\/1qeQVSHKMQceNf6QA\">https:\/\/forms.gle\/1qeQVSHKMQceNf6QA<\/a><\/p>\n\n\n\n<p>Los esperamos,<\/p>\n\n\n\n<p>I.S.F.D. N\u00ba 34&nbsp;<\/p>\n","protected":false},"excerpt":{"rendered":"<p>Les informamos que la inscripci\u00f3n a nuestro Instituto se realizar\u00e1 a trav\u00e9s de un nuevo sistema: SIU-GUARAN\u00cd.&nbsp; Para aquellos aspirantes a los profesorados que se dictar\u00e1n durante el ciclo lectivo 2026, el proceso de inscripci\u00f3n constar\u00e1 de dos per\u00edodos: El per\u00edodo de preinscripci\u00f3n se realizar\u00e1 a partir del mes de noviembre de manera digital seg\u00fan &#8230; <a title=\"INGRESANTES 2026\" class=\"read-more\" href=\"https:\/\/isfd34-bue.infd.edu.ar\/sitio\/ingresantes-2026\/\" aria-label=\"More on INGRESANTES 2026\">[+]<\/a><\/p>\n","protected":false},"author":6651,"featured_media":0,"parent":0,"menu_order":0,"comment_status":"closed","ping_status":"closed","template":"","meta":[],"acf":[],"_links":{"self":[{"href":"https:\/\/isfd34-bue.infd.edu.ar\/sitio\/wp-json\/wp\/v2\/pages\/3691"}],"collection":[{"href":"https:\/\/isfd34-bue.infd.edu.ar\/sitio\/wp-json\/wp\/v2\/pages"}],"about":[{"href":"https:\/\/isfd34-bue.infd.edu.ar\/sitio\/wp-json\/wp\/v2\/types\/page"}],"author":[{"embeddable":true,"href":"https:\/\/isfd34-bue.infd.edu.ar\/sitio\/wp-json\/wp\/v2\/users\/6651"}],"replies":[{"embeddable":true,"href":"https:\/\/isfd34-bue.infd.edu.ar\/sitio\/wp-json\/wp\/v2\/comments?post=3691"}],"version-history":[{"count":15,"href":"https:\/\/isfd34-bue.infd.edu.ar\/sitio\/wp-json\/wp\/v2\/pages\/3691\/revisions"}],"predecessor-version":[{"id":3806,"href":"https:\/\/isfd34-bue.infd.edu.ar\/sitio\/wp-json\/wp\/v2\/pages\/3691\/revisions\/3806"}],"wp:attachment":[{"href":"https:\/\/isfd34-bue.infd.edu.ar\/sitio\/wp-json\/wp\/v2\/media?parent=3691"}],"curies":[{"name":"wp","href":"https:\/\/api.w.org\/{rel}","templated":true}]}}