{"id":855,"date":"2018-08-29T15:50:27","date_gmt":"2018-08-29T18:50:27","guid":{"rendered":"https:\/\/isfd34-bue.infd.edu.ar\/sitio\/profesorado-en-educacion-especial-ciegos-y-disminuidos-visuales\/"},"modified":"2018-10-12T16:06:42","modified_gmt":"2018-10-12T19:06:42","slug":"profesorado-en-educacion-especial-ciegos-y-disminuidos-visuales","status":"publish","type":"page","link":"https:\/\/isfd34-bue.infd.edu.ar\/sitio\/profesorado-en-educacion-especial-ciegos-y-disminuidos-visuales\/","title":{"rendered":"Profesorado en Educaci\u00f3n Especial: Ciegos y Disminuidos Visuales"},"content":{"rendered":"<p><span style=\"font-size: 14pt;\"><strong><span style=\"font-size: 18pt;\"><span style=\"text-decoration: underline;\">Amplio Campo Laboral,<\/span>\u00a0Docentes en :<\/span><\/strong><\/span><\/p>\n<p><span style=\"font-size: 14pt;\">Escuelas especiales, nivel inicial, primaria, secundaria.<\/span><\/p>\n<p><span style=\"font-size: 14pt;\">Escuelas\u00a0<\/span><span style=\"font-size: 14pt;\"> laborales.<\/span><\/p>\n<p><span style=\"font-size: 14pt;\">Obras Sociales. <\/span><\/p>\n<p><span style=\"font-size: 14pt;\">Asistente Personal.<\/span><\/p>\n<p><span style=\"font-size: 14pt;\">Maestros integradores a nivel privado.<\/span><\/p>\n<p><span style=\"font-size: 14pt;\">Orientadores del Aprendizaje en Equipo de Orientaci\u00f3n Escolar.<\/span><\/p>\n<p><span style=\"font-size: 14pt;\">Maestros domiciliarios y hospitalarios.<\/span><\/p>\n<p><span style=\"font-size: 14pt;\">Apoyo en Centros de d\u00eda y Hogares.<\/span><\/p>\n<p><span style=\"font-size: 14pt;\">\u00a0<\/span><\/p>\n<p><span style=\"font-size: 14pt;\">Coordinadora de la Carrera Prof. Miriam Valle atiende en el siguiente horario: Martes a Viernes 17 a 20 Hs.<\/span><\/p>\n<p><span style=\"font-size: 14pt;\">Preceptor de la Carrera\u00a0Prof.Leonardo Tatar atiende en el siguiente horario: Lunes a Viernes 18.30 a 21 hs.<\/span><\/p>\n<p><span style=\"font-size: 14pt;\">\u00a0<\/span><\/p>\n<p><span style=\"font-size: 14pt;\">\u00a0**************************************************************************<\/span><\/p>\n<p><span style=\"font-size: 14pt;\"><span style=\"text-decoration: underline;\">QUIENES SOMOS:<\/span><\/span><\/p>\n<p><span style=\"font-size: 12pt;\">El Profesorado de Educaci\u00f3n Especial, en nuestro Instituto comenz\u00f3 en el a\u00f1o 2002. Como todo comienzo, ante una carrera nueva, con las caracter\u00edsticas\u00a0 propias\u00a0 y distintas o por lo menos, nunca en la trayectoria de esta Casa de Estudios en el partido, hab\u00eda tenido un acercamiento tan estrecho con Educaci\u00f3n Especial, como lo empezaba a tener a partir de este nuevo camino<\/span><\/p>\n<p><span style=\"font-size: 12pt;\">Los docentes del Instituto \u00a0tomaban las primeras c\u00e1tedras del primer a\u00f1o como un desaf\u00edo y comenzaban a poner la mirada en esta afirmaci\u00f3n: creer y abrazar una filosof\u00eda, una ideolog\u00eda, EDUCAR EN \u00a0y PARA LA DIVERSIDAD. Ahora la Integraci\u00f3n escolar de alumnos con necesidades educativas especiales; la inclusi\u00f3n educativa, entraba en los dem\u00e1s profesorados de este Instituto con timidez, preguntas, con algunos temores, no por no querer, sino porque se necesitaba otros conocimientos, y as\u00ed se abre el concurso para los nuevos docentes con t\u00edtulos habilitantes y experiencia en Educaci\u00f3n especial, conformando este equipo que se iba construyendo, con pasos indecisos al principio, pero con ganas, fuerza y por supuesto con el apoyo de todos.<\/span><\/p>\n<p><span style=\"font-size: 12pt;\">Y de esta manera, se fue escribiendo esta historia, hoy ya contamos con dos promociones de egresados, con el t\u00edtulo de profesores en Educaci\u00f3n Especial con especialidad en discapacidad neurolocomotora. La mayor\u00eda son titulares en escuelas de la Pcia de Buenos Aires, otros est\u00e1n trabajando en otras Provincias, ya que es una profesi\u00f3n requerida, inclusive como estudiantes comienzan a desempe\u00f1arse en diferentes lugares.<\/span><\/p>\n<p><span style=\"font-size: 12pt;\">Este t\u00edtulo habilita como maestros integradores para alumnos con discapacidad en todos los niveles de ense\u00f1anza, estatales como privados (Inicial, primario, secundario) , maestros en escuelas especiales, en Hogares, en Centros de D\u00eda y en todo lugar que se necesite como educadores en espacios formales, recreativos o terap\u00e9uticos con ni\u00f1os, j\u00f3venes y adultos, tambi\u00e9n como asistentes personales para personas con discapacidad que se requiere en \u00e1mbitos privados<\/span><\/p>\n<p><span style=\"font-size: 12pt;\">Nuestros egresados no s\u00f3lo son requeridos por su nivel acad\u00e9mico con el que cuentan, sino porque su accionar, coincide con su filosof\u00eda de vida, que durante cuatro a\u00f1os de estudio a trav\u00e9s de la teor\u00eda y la pr\u00e1ctica en los diferentes \u00e1mbitos que la trayectoria de estudios les hizo recorrer con el acompa\u00f1amiento constante de sus profesores, se fueron formando como educadores con una mirada hol\u00edstica y comprometida con el otro.<\/span><\/p>\n<p><span style=\"font-size: 12pt;\">Ante las necesidades del Partido de Tres de Febrero en el cual estamos y las localidades que nos rodean, y los di\u00e1logos mantenidos con los directivos de las instituciones educativas de la zona, se observ\u00f3 la necesidad de gestionar \u00a0otra carrera de Educaci\u00f3n Especial. Surgiendo as\u00ed el PROFESORADO EN EDUCACI\u00d3N ESPECIAL: Con Especialidad en Discapacidad Visual-<\/span><\/p>\n<p><span style=\"font-size: 12pt;\">Hoy nuestros primeros alumnos est\u00e1n transitando tercer a\u00f1o, ya se han incorporado nuevos docentes, especializados\u00a0 en esta orientaci\u00f3n.<\/span><\/p>\n<p><span style=\"font-size: 12pt;\">Quienes junto a este equipo de profesores, estamos construyendo este camino, pero con una ventaja; Educaci\u00f3n Especial, ya est\u00e1 instalado en el Instituto y en el territorio de nuestra Partido.<\/span><\/p>\n<p><span style=\"font-size: 12pt;\">Tambi\u00e9n este t\u00edtulo tiene un amplio campo laboral, como maestros integradores de alumnos con discapacidad visual en todos los niveles de ense\u00f1anza, estatales como privados (Inicial, primario, secundario) , maestros en escuelas especiales, en Hogares, en Centros de D\u00eda y en todo lugar que se necesite como educadores en espacios formales, recreativos o terap\u00e9uticos con ni\u00f1os, j\u00f3venes y adultos<\/span><\/p>\n<p><span style=\"font-size: 12pt;\">En ambas carreras, nuestros alumnos\/as no s\u00f3lo reciben una formaci\u00f3n docente de excelencia \u00a0, sino que realizan proyectos de extensi\u00f3n, trabajos sociocomunitarios (Materiales adaptados para\u00a0 escuelas a la \u00a0que concurren alumnos con discapacidad) de diferentes regiones \u00a0de la Provincia y Proyectos que mejoran calidad \u00a0de vida de todas las personas que habitan en diferentes ciudades.<\/span><\/p>\n<p><span style=\"font-size: 12pt;\">Los mismos se encuentran en el blog que los invitamos a recorrer en el men\u00fa siguiente&#8230;&#8230;&#8230; <\/span><\/p>\n<p><a href=\"https:\/\/nee34.wordpress.com\/\" target=\"_blank\" rel=\"noopener\">https:\/\/nee34.wordpress.com\/<\/a><\/p>\n<p><span style=\"font-size: 12pt;\">EQUIPO DIRECTIVO-DOCENTE-ALUMNOS-ISFD N\u00ba34<\/span><\/p>\n<p><span style=\"font-size: 12pt;\">\u00a0<\/span><\/p>\n","protected":false},"excerpt":{"rendered":"<p>Amplio Campo Laboral,\u00a0Docentes en : Escuelas especiales, nivel inicial, primaria, secundaria. Escuelas\u00a0 laborales. Obras Sociales. Asistente Personal. Maestros integradores a nivel privado. Orientadores del Aprendizaje en Equipo de Orientaci\u00f3n Escolar. Maestros domiciliarios y hospitalarios. Apoyo en Centros de d\u00eda y Hogares. \u00a0 Coordinadora de la Carrera Prof. Miriam Valle atiende en el siguiente horario: Martes &#8230; <a title=\"Profesorado en Educaci\u00f3n Especial: Ciegos y Disminuidos Visuales\" class=\"read-more\" href=\"https:\/\/isfd34-bue.infd.edu.ar\/sitio\/profesorado-en-educacion-especial-ciegos-y-disminuidos-visuales\/\" aria-label=\"More on Profesorado en Educaci\u00f3n Especial: Ciegos y Disminuidos Visuales\">[+]<\/a><\/p>\n","protected":false},"author":3085,"featured_media":0,"parent":0,"menu_order":0,"comment_status":"closed","ping_status":"closed","template":"","meta":[],"acf":[],"_links":{"self":[{"href":"https:\/\/isfd34-bue.infd.edu.ar\/sitio\/wp-json\/wp\/v2\/pages\/855"}],"collection":[{"href":"https:\/\/isfd34-bue.infd.edu.ar\/sitio\/wp-json\/wp\/v2\/pages"}],"about":[{"href":"https:\/\/isfd34-bue.infd.edu.ar\/sitio\/wp-json\/wp\/v2\/types\/page"}],"author":[{"embeddable":true,"href":"https:\/\/isfd34-bue.infd.edu.ar\/sitio\/wp-json\/wp\/v2\/users\/3085"}],"replies":[{"embeddable":true,"href":"https:\/\/isfd34-bue.infd.edu.ar\/sitio\/wp-json\/wp\/v2\/comments?post=855"}],"version-history":[{"count":2,"href":"https:\/\/isfd34-bue.infd.edu.ar\/sitio\/wp-json\/wp\/v2\/pages\/855\/revisions"}],"predecessor-version":[{"id":1015,"href":"https:\/\/isfd34-bue.infd.edu.ar\/sitio\/wp-json\/wp\/v2\/pages\/855\/revisions\/1015"}],"wp:attachment":[{"href":"https:\/\/isfd34-bue.infd.edu.ar\/sitio\/wp-json\/wp\/v2\/media?parent=855"}],"curies":[{"name":"wp","href":"https:\/\/api.w.org\/{rel}","templated":true}]}}